{"id":5222,"date":"2025-01-08T10:30:34","date_gmt":"2025-01-08T10:30:34","guid":{"rendered":"https:\/\/natuzzi.hr\/editions\/?page_id=5222"},"modified":"2025-05-08T09:43:01","modified_gmt":"2025-05-08T07:43:01","slug":"brza-isporuka","status":"publish","type":"page","link":"https:\/\/natuzzi.hr\/editions\/brza-isporuka\/","title":{"rendered":"Brza isporuka"},"content":{"rendered":"<div class=\"fusion-fullwidth fullwidth-box fusion-builder-row-1 fusion-flex-container has-pattern-background has-mask-background na-500-pink-bg-container nonhundred-percent-fullwidth non-hundred-percent-height-scrolling\" style=\"--awb-border-radius-top-left:0px;--awb-border-radius-top-right:0px;--awb-border-radius-bottom-right:0px;--awb-border-radius-bottom-left:0px;--awb-padding-top:180px;--awb-flex-wrap:wrap;\" ><div class=\"fusion-builder-row fusion-row fusion-flex-align-items-flex-start fusion-flex-justify-content-center fusion-flex-content-wrap\" style=\"max-width:1788.8px;margin-left: calc(-4% \/ 2 );margin-right: calc(-4% \/ 2 );\"><div class=\"fusion-layout-column fusion_builder_column fusion-builder-column-0 fusion-flex-column\" style=\"--awb-bg-size:cover;--awb-width-large:800px;--awb-margin-top-large:0px;--awb-spacing-right-large:2%;--awb-margin-bottom-large:20px;--awb-spacing-left-large:2%;--awb-width-medium:800px;--awb-order-medium:0;--awb-spacing-right-medium:2%;--awb-spacing-left-medium:2%;--awb-width-small:100%;--awb-order-small:0;--awb-spacing-right-small:1.92%;--awb-spacing-left-small:1.92%;\" data-scroll-devices=\"small-visibility,medium-visibility,large-visibility\"><div class=\"fusion-column-wrapper fusion-column-has-shadow fusion-flex-justify-content-flex-start fusion-content-layout-column\"><div class=\"fusion-title title fusion-title-1 fusion-sep-none fusion-title-text fusion-title-size-one\"><h1 class=\"fusion-title-heading title-heading-left\" style=\"margin:0;\">Natuzzi Editions brand je s kojim \u0107ete osjetiti razliku!<\/h1><\/div><div class=\"fusion-text fusion-text-1\"><p>Sjede\u0107e garniture Natuzzi Editions i ograni\u010deno 10-godi\u0161nje jamstvo<\/p>\n<\/div><div class=\"fusion-image-element \" style=\"--awb-margin-bottom:30px;--awb-caption-title-font-family:var(--h2_typography-font-family);--awb-caption-title-font-weight:var(--h2_typography-font-weight);--awb-caption-title-font-style:var(--h2_typography-font-style);--awb-caption-title-size:var(--h2_typography-font-size);--awb-caption-title-transform:var(--h2_typography-text-transform);--awb-caption-title-line-height:var(--h2_typography-line-height);--awb-caption-title-letter-spacing:var(--h2_typography-letter-spacing);\"><span class=\" fusion-imageframe imageframe-none imageframe-1 hover-type-none\"><img decoding=\"async\" width=\"781\" height=\"474\" title=\"Mask group (69)\" src=\"https:\/\/natuzzi.hr\/editions\/wp-content\/uploads\/2025\/01\/Mask-group-69.jpg\" alt class=\"img-responsive wp-image-5224\" srcset=\"https:\/\/natuzzi.hr\/editions\/wp-content\/uploads\/2025\/01\/Mask-group-69-200x121.jpg 200w, https:\/\/natuzzi.hr\/editions\/wp-content\/uploads\/2025\/01\/Mask-group-69-400x243.jpg 400w, https:\/\/natuzzi.hr\/editions\/wp-content\/uploads\/2025\/01\/Mask-group-69-600x364.jpg 600w, https:\/\/natuzzi.hr\/editions\/wp-content\/uploads\/2025\/01\/Mask-group-69.jpg 781w\" sizes=\"(max-width: 640px) 100vw, 781px\" \/><\/span><\/div><div class=\"fusion-text fusion-text-2\"><p>Za vas smo osigurali kontinuiranu ponudu najatraktivnijih modela za brzu isporuku. Ponuda uklju\u010duje sjede\u0107e garniture, sofe, fotelje, dodatke za dom u uvijek modernim bojama ko\u017ee ili tkanine po pristupa\u010dnim cijenama.<\/p>\n<p>Udobnost i trend po popularnim cijenama u va\u0161em domu za nekoliko dana.<\/p>\n<p>Vi\u0161e o ponudi pogledajte\u00a0<a href=\"https:\/\/natuzzi.hr\/editions\/trgovina\/brza-isporuka\/\" target=\"_blank\" rel=\"noopener\"><strong>OVDJE<\/strong><\/a>.<\/p>\n<\/div><div class=\"fusion-form fusion-form-builder fusion-form-form-wrapper fusion-form-3276\" style=\"--awb-tooltip-text-color:#ffffff;--awb-tooltip-background-color:#333333;\" data-form-id=\"3276\" data-config=\"{&quot;form_id&quot;:&quot;3276&quot;,&quot;form_post_id&quot;:&quot;3276&quot;,&quot;post_id&quot;:5222,&quot;form_type&quot;:&quot;ajax&quot;,&quot;confirmation_type&quot;:&quot;message&quot;,&quot;redirect_url&quot;:&quot;&quot;,&quot;field_labels&quot;:{&quot;ime_i_prezime&quot;:&quot;Ime i prezime&quot;,&quot;e-posta&quot;:&quot;E-po\\u0161ta&quot;,&quot;telefon&quot;:&quot;Telefon&quot;,&quot;poruka&quot;:&quot;Poruka&quot;,&quot;slazem_se_s_politikom_privatnosti&quot;:&quot;Sla\\u017eem se s politikom privatnosti.&quot;},&quot;field_logics&quot;:{&quot;ime_i_prezime&quot;:&quot;&quot;,&quot;e-posta&quot;:&quot;&quot;,&quot;telefon&quot;:&quot;&quot;,&quot;poruka&quot;:&quot;&quot;,&quot;slazem_se_s_politikom_privatnosti&quot;:&quot;&quot;,&quot;notice_1&quot;:&quot;&quot;},&quot;field_types&quot;:{&quot;ime_i_prezime&quot;:&quot;text&quot;,&quot;e-posta&quot;:&quot;email&quot;,&quot;telefon&quot;:&quot;phone_number&quot;,&quot;poruka&quot;:&quot;textarea&quot;,&quot;slazem_se_s_politikom_privatnosti&quot;:&quot;consent&quot;,&quot;submit_1&quot;:&quot;submit&quot;,&quot;notice_1&quot;:&quot;notice&quot;,&quot;hypot_field&quot;:&quot;honeypot&quot;},&quot;nonce_method&quot;:&quot;ajax&quot;}\"><form action=\"https:\/\/natuzzi.hr\/editions\/brza-isporuka\/\" method=\"post\" class=\"fusion-form fusion-form-3276\"><div class=\"fusion-fullwidth fullwidth-box fusion-builder-row-1-1 fusion-flex-container has-pattern-background has-mask-background nonhundred-percent-fullwidth non-hundred-percent-height-scrolling\" style=\"--awb-border-radius-top-left:0px;--awb-border-radius-top-right:0px;--awb-border-radius-bottom-right:0px;--awb-border-radius-bottom-left:0px;--awb-padding-right:0px;--awb-padding-left:0px;--awb-flex-wrap:wrap;\" ><div class=\"fusion-builder-row fusion-row fusion-flex-align-items-flex-start fusion-flex-content-wrap\" style=\"width:104% !important;max-width:104% !important;margin-left: calc(-4% \/ 2 );margin-right: calc(-4% \/ 2 );\"><div class=\"fusion-layout-column fusion_builder_column fusion-builder-column-1 fusion_builder_column_1_1 1_1 fusion-flex-column\" style=\"--awb-bg-size:cover;--awb-width-large:100%;--awb-margin-top-large:0px;--awb-spacing-right-large:1.92%;--awb-margin-bottom-large:20px;--awb-spacing-left-large:1.92%;--awb-width-medium:100%;--awb-order-medium:0;--awb-spacing-right-medium:1.92%;--awb-spacing-left-medium:1.92%;--awb-width-small:100%;--awb-order-small:0;--awb-spacing-right-small:1.92%;--awb-spacing-left-small:1.92%;\"><div class=\"fusion-column-wrapper fusion-column-has-shadow fusion-flex-justify-content-flex-start fusion-content-layout-column\"><div class=\"fusion-form-field fusion-form-text-field fusion-form-label-above\" style=\"\" data-form-id=\"3276\"><div class=\"fusion-form-label-wrapper\"><label for=\"ime_i_prezime\">Ime i prezime <abbr class=\"fusion-form-element-required\" title=\"required\">*<\/abbr><\/label><\/div><input type=\"text\" name=\"ime_i_prezime\" id=\"ime_i_prezime\" value=\"\"  class=\"fusion-form-input\" required=\"true\" aria-required=\"true\" data-holds-private-data=\"false\" minlength=\"0\"\/><\/div><div class=\"fusion-form-field fusion-form-email-field fusion-form-label-above\" style=\"\" data-form-id=\"3276\"><div class=\"fusion-form-label-wrapper\"><label for=\"e-posta\">E-po\u0161ta <abbr class=\"fusion-form-element-required\" title=\"required\">*<\/abbr><\/label><\/div><input type=\"email\" name=\"e-posta\" id=\"e-posta\" value=\"\"  class=\"fusion-form-input\" required=\"true\" aria-required=\"true\" data-holds-private-data=\"false\"\/><\/div><div class=\"fusion-form-field fusion-form-phone-number-field fusion-form-label-above\" style=\"\" data-form-id=\"3276\"><div class=\"fusion-form-label-wrapper\"><label for=\"telefon\">Telefon <abbr class=\"fusion-form-element-required\" title=\"required\">*<\/abbr><\/label><\/div><input type=\"tel\" name=\"telefon\" id=\"telefon\" value=\"\"  class=\"fusion-form-input\" required=\"true\" aria-required=\"true\" data-holds-private-data=\"false\"\/><\/div><div class=\"fusion-form-field fusion-form-textarea-field fusion-form-label-above\" style=\"\" data-form-id=\"3276\"><label for=\"poruka\">Poruka <abbr class=\"fusion-form-element-required\" title=\"required\">*<\/abbr><\/label><textarea cols=\"40\"  minlength=\"0\"  rows=\"5\" tabindex=\"\" id=\"poruka\" name=\"poruka\" class=\"fusion-form-input\" required=\"true\" aria-required=\"true\" data-holds-private-data=\"false\"><\/textarea><\/div><div class=\"fusion-form-field fusion-form-consent-field fusion-form-label-above\" style=\"\" data-form-id=\"3276\"><div class=\"fusion-form-label-wrapper\"><label for=\"slazem_se_s_politikom_privatnosti\">Sla\u017eem se s politikom privatnosti. <abbr class=\"fusion-form-element-required\" title=\"required\">*<\/abbr><\/label><\/div><div class=\"fusion-form-checkbox option-inline\"><input tabindex=\"\" id=\"slazem_se_s_politikom_privatnosti\" type=\"checkbox\" value=\"1\" name=\"slazem_se_s_politikom_privatnosti\" class=\"fusion-form-input\" required=\"true\" aria-required=\"true\"\/><label for=\"slazem_se_s_politikom_privatnosti\"><\/label><\/div><\/div><div class=\"fusion-form-field fusion-form-submit-field fusion-form-label-above\" style=\"\" data-form-id=\"3276\"><div style=\"text-align:left;\"><button type=\"submit\" class=\"fusion-button button-flat fusion-button-default-size button-custom fusion-button-default button-1 fusion-button-span-yes  form-form-submit button-default\" style=\"--button_accent_color:var(--awb-color1);--button_accent_hover_color:var(--awb-color1);--button_border_hover_color:var(--awb-color4);--button_gradient_top_color:var(--awb-color8);--button_gradient_bottom_color:var(--awb-color8);--button_gradient_top_color_hover:var(--awb-color4);--button_gradient_bottom_color_hover:var(--awb-color4);--button_font_size:18px;--button_padding-top:20px;--button_padding-right:50px;--button_padding-bottom:20px;--button_padding-left:50px;--button_typography-font-family:&quot;Lato&quot;;--button_typography-font-style:normal;--button_typography-font-weight:400;\" data-form-number=\"3276\" tabindex=\"\"><span class=\"fusion-button-text\">Po\u0161aljite poruku<\/span><\/button><\/div><\/div><div class=\"form-submission-notices data-notice_1\" id=\"fusion-notices-1\"><div class=\"fusion-alert alert success alert-success fusion-alert-center fusion-form-response fusion-form-response-success awb-alert-native-link-color alert-dismissable awb-alert-close-boxed\" role=\"alert\"><div class=\"fusion-alert-content-wrapper\"><span class=\"alert-icon\"><i class=\"awb-icon-check-circle\" aria-hidden=\"true\"><\/i><\/span><span class=\"fusion-alert-content\">Hvala vam na poruci. Poslano je.<\/span><\/div><button type=\"button\" class=\"close toggle-alert\" data-dismiss=\"alert\" aria-label=\"Close\">&times;<\/button><\/div><div class=\"fusion-alert alert error alert-danger fusion-alert-center fusion-form-response fusion-form-response-error awb-alert-native-link-color alert-dismissable awb-alert-close-boxed\" role=\"alert\"><div class=\"fusion-alert-content-wrapper\"><span class=\"alert-icon\"><i class=\"awb-icon-exclamation-triangle\" aria-hidden=\"true\"><\/i><\/span><span class=\"fusion-alert-content\">Do\u0161lo je do pogre\u0161ke prilikom poku\u0161aja slanja va\u0161e poruke. Poku\u0161ajte ponovno kasnije.<\/span><\/div><button type=\"button\" class=\"close toggle-alert\" data-dismiss=\"alert\" aria-label=\"Close\">&times;<\/button><\/div><\/div><div class=\"fusion-form-field fusion-form-honeypot-field fusion-form-label-above\" style=\"\" data-form-id=\"3276\"><input type=\"hidden\" tabindex=\"-1\" name=\"hypot_field\" class=\"fusion-form-input\" autocomplete=\"hypot-6a073fb60761a\" aria-hidden=\"true\" data-fusion-is-honeypot=\"true\"><\/div><\/div><\/div><\/div><\/div><\/form><\/div><div class=\"fusion-image-element \" style=\"--awb-caption-title-font-family:var(--h2_typography-font-family);--awb-caption-title-font-weight:var(--h2_typography-font-weight);--awb-caption-title-font-style:var(--h2_typography-font-style);--awb-caption-title-size:var(--h2_typography-font-size);--awb-caption-title-transform:var(--h2_typography-text-transform);--awb-caption-title-line-height:var(--h2_typography-line-height);--awb-caption-title-letter-spacing:var(--h2_typography-letter-spacing);\"><span class=\" fusion-imageframe imageframe-none imageframe-2 hover-type-none\"><img decoding=\"async\" width=\"2000\" height=\"1414\" title=\"c161_piacevole_sfinge78018101_rs49_generale\" src=\"https:\/\/natuzzi.hr\/editions\/wp-content\/uploads\/2024\/12\/c161_piacevole_sfinge78018101_rs49_generale.jpg\" alt class=\"img-responsive wp-image-5417\" srcset=\"https:\/\/natuzzi.hr\/editions\/wp-content\/uploads\/2024\/12\/c161_piacevole_sfinge78018101_rs49_generale-200x141.jpg 200w, https:\/\/natuzzi.hr\/editions\/wp-content\/uploads\/2024\/12\/c161_piacevole_sfinge78018101_rs49_generale-400x283.jpg 400w, https:\/\/natuzzi.hr\/editions\/wp-content\/uploads\/2024\/12\/c161_piacevole_sfinge78018101_rs49_generale-600x424.jpg 600w, https:\/\/natuzzi.hr\/editions\/wp-content\/uploads\/2024\/12\/c161_piacevole_sfinge78018101_rs49_generale-800x566.jpg 800w, https:\/\/natuzzi.hr\/editions\/wp-content\/uploads\/2024\/12\/c161_piacevole_sfinge78018101_rs49_generale-1200x848.jpg 1200w, https:\/\/natuzzi.hr\/editions\/wp-content\/uploads\/2024\/12\/c161_piacevole_sfinge78018101_rs49_generale.jpg 2000w\" sizes=\"(max-width: 640px) 100vw, 2000px\" \/><\/span><\/div><div class=\"fusion-image-element \" style=\"--awb-caption-title-font-family:var(--h2_typography-font-family);--awb-caption-title-font-weight:var(--h2_typography-font-weight);--awb-caption-title-font-style:var(--h2_typography-font-style);--awb-caption-title-size:var(--h2_typography-font-size);--awb-caption-title-transform:var(--h2_typography-text-transform);--awb-caption-title-line-height:var(--h2_typography-line-height);--awb-caption-title-letter-spacing:var(--h2_typography-letter-spacing);\"><span class=\" fusion-imageframe imageframe-none imageframe-3 hover-type-none\"><img decoding=\"async\" width=\"780\" height=\"4\" title=\"crte (1)\" src=\"https:\/\/natuzzi.hr\/editions\/wp-content\/uploads\/2024\/12\/crte-1.jpg\" alt class=\"img-responsive wp-image-3300\" srcset=\"https:\/\/natuzzi.hr\/editions\/wp-content\/uploads\/2024\/12\/crte-1-200x1.jpg 200w, https:\/\/natuzzi.hr\/editions\/wp-content\/uploads\/2024\/12\/crte-1-400x2.jpg 400w, https:\/\/natuzzi.hr\/editions\/wp-content\/uploads\/2024\/12\/crte-1-600x3.jpg 600w, https:\/\/natuzzi.hr\/editions\/wp-content\/uploads\/2024\/12\/crte-1.jpg 780w\" sizes=\"(max-width: 640px) 100vw, 780px\" \/><\/span><\/div><div class=\"fusion-image-element \" style=\"--awb-caption-title-font-family:var(--h2_typography-font-family);--awb-caption-title-font-weight:var(--h2_typography-font-weight);--awb-caption-title-font-style:var(--h2_typography-font-style);--awb-caption-title-size:var(--h2_typography-font-size);--awb-caption-title-transform:var(--h2_typography-text-transform);--awb-caption-title-line-height:var(--h2_typography-line-height);--awb-caption-title-letter-spacing:var(--h2_typography-letter-spacing);\"><span class=\" fusion-imageframe imageframe-none imageframe-4 hover-type-none\"><img decoding=\"async\" width=\"780\" height=\"4\" title=\"crte (1)\" src=\"https:\/\/natuzzi.hr\/editions\/wp-content\/uploads\/2024\/12\/crte-1.jpg\" alt class=\"img-responsive wp-image-3300\" srcset=\"https:\/\/natuzzi.hr\/editions\/wp-content\/uploads\/2024\/12\/crte-1-200x1.jpg 200w, https:\/\/natuzzi.hr\/editions\/wp-content\/uploads\/2024\/12\/crte-1-400x2.jpg 400w, https:\/\/natuzzi.hr\/editions\/wp-content\/uploads\/2024\/12\/crte-1-600x3.jpg 600w, https:\/\/natuzzi.hr\/editions\/wp-content\/uploads\/2024\/12\/crte-1.jpg 780w\" sizes=\"(max-width: 640px) 100vw, 780px\" \/><\/span><\/div><\/div><\/div><\/div><\/div>\n","protected":false},"excerpt":{"rendered":"","protected":false},"author":2,"featured_media":0,"parent":0,"menu_order":0,"comment_status":"closed","ping_status":"closed","template":"100-width.php","meta":{"_acf_changed":false,"footnotes":""},"class_list":["post-5222","page","type-page","status-publish","hentry"],"acf":[],"yoast_head":"<!-- This site is optimized with the Yoast SEO plugin v24.6 - https:\/\/yoast.com\/wordpress\/plugins\/seo\/ -->\n<title>Brza isporuka - Natuzzi<\/title>\n<meta name=\"robots\" content=\"index, follow, max-snippet:-1, max-image-preview:large, max-video-preview:-1\" \/>\n<link rel=\"canonical\" href=\"https:\/\/natuzzi.hr\/editions\/brza-isporuka\/\" \/>\n<meta property=\"og:locale\" content=\"hr_HR\" \/>\n<meta property=\"og:type\" content=\"article\" \/>\n<meta property=\"og:title\" content=\"Brza isporuka - Natuzzi\" \/>\n<meta property=\"og:url\" content=\"https:\/\/natuzzi.hr\/editions\/brza-isporuka\/\" \/>\n<meta property=\"og:site_name\" content=\"Natuzzi\" \/>\n<meta property=\"article:modified_time\" content=\"2025-05-08T07:43:01+00:00\" \/>\n<meta name=\"twitter:card\" content=\"summary_large_image\" \/>\n<meta name=\"twitter:label1\" content=\"Procijenjeno vrijeme \u010ditanja\" \/>\n\t<meta name=\"twitter:data1\" content=\"2 minute\" \/>\n<script type=\"application\/ld+json\" class=\"yoast-schema-graph\">{\"@context\":\"https:\/\/schema.org\",\"@graph\":[{\"@type\":\"WebPage\",\"@id\":\"https:\/\/natuzzi.hr\/editions\/brza-isporuka\/\",\"url\":\"https:\/\/natuzzi.hr\/editions\/brza-isporuka\/\",\"name\":\"Brza isporuka - Natuzzi\",\"isPartOf\":{\"@id\":\"https:\/\/natuzzi.hr\/editions\/#website\"},\"datePublished\":\"2025-01-08T10:30:34+00:00\",\"dateModified\":\"2025-05-08T07:43:01+00:00\",\"breadcrumb\":{\"@id\":\"https:\/\/natuzzi.hr\/editions\/brza-isporuka\/#breadcrumb\"},\"inLanguage\":\"hr\",\"potentialAction\":[{\"@type\":\"ReadAction\",\"target\":[\"https:\/\/natuzzi.hr\/editions\/brza-isporuka\/\"]}]},{\"@type\":\"BreadcrumbList\",\"@id\":\"https:\/\/natuzzi.hr\/editions\/brza-isporuka\/#breadcrumb\",\"itemListElement\":[{\"@type\":\"ListItem\",\"position\":1,\"name\":\"Po\u010detna stranica\",\"item\":\"https:\/\/natuzzi.hr\/editions\/\"},{\"@type\":\"ListItem\",\"position\":2,\"name\":\"Brza isporuka\"}]},{\"@type\":\"WebSite\",\"@id\":\"https:\/\/natuzzi.hr\/editions\/#website\",\"url\":\"https:\/\/natuzzi.hr\/editions\/\",\"name\":\"Natuzzi Editions\",\"description\":\"\",\"potentialAction\":[{\"@type\":\"SearchAction\",\"target\":{\"@type\":\"EntryPoint\",\"urlTemplate\":\"https:\/\/natuzzi.hr\/editions\/?s={search_term_string}\"},\"query-input\":{\"@type\":\"PropertyValueSpecification\",\"valueRequired\":true,\"valueName\":\"search_term_string\"}}],\"inLanguage\":\"hr\"}]}<\/script>\n<!-- \/ Yoast SEO plugin. -->","yoast_head_json":{"title":"Brza isporuka - Natuzzi","robots":{"index":"index","follow":"follow","max-snippet":"max-snippet:-1","max-image-preview":"max-image-preview:large","max-video-preview":"max-video-preview:-1"},"canonical":"https:\/\/natuzzi.hr\/editions\/brza-isporuka\/","og_locale":"hr_HR","og_type":"article","og_title":"Brza isporuka - Natuzzi","og_url":"https:\/\/natuzzi.hr\/editions\/brza-isporuka\/","og_site_name":"Natuzzi","article_modified_time":"2025-05-08T07:43:01+00:00","twitter_card":"summary_large_image","twitter_misc":{"Procijenjeno vrijeme \u010ditanja":"2 minute"},"schema":{"@context":"https:\/\/schema.org","@graph":[{"@type":"WebPage","@id":"https:\/\/natuzzi.hr\/editions\/brza-isporuka\/","url":"https:\/\/natuzzi.hr\/editions\/brza-isporuka\/","name":"Brza isporuka - Natuzzi","isPartOf":{"@id":"https:\/\/natuzzi.hr\/editions\/#website"},"datePublished":"2025-01-08T10:30:34+00:00","dateModified":"2025-05-08T07:43:01+00:00","breadcrumb":{"@id":"https:\/\/natuzzi.hr\/editions\/brza-isporuka\/#breadcrumb"},"inLanguage":"hr","potentialAction":[{"@type":"ReadAction","target":["https:\/\/natuzzi.hr\/editions\/brza-isporuka\/"]}]},{"@type":"BreadcrumbList","@id":"https:\/\/natuzzi.hr\/editions\/brza-isporuka\/#breadcrumb","itemListElement":[{"@type":"ListItem","position":1,"name":"Po\u010detna stranica","item":"https:\/\/natuzzi.hr\/editions\/"},{"@type":"ListItem","position":2,"name":"Brza isporuka"}]},{"@type":"WebSite","@id":"https:\/\/natuzzi.hr\/editions\/#website","url":"https:\/\/natuzzi.hr\/editions\/","name":"Natuzzi Editions","description":"","potentialAction":[{"@type":"SearchAction","target":{"@type":"EntryPoint","urlTemplate":"https:\/\/natuzzi.hr\/editions\/?s={search_term_string}"},"query-input":{"@type":"PropertyValueSpecification","valueRequired":true,"valueName":"search_term_string"}}],"inLanguage":"hr"}]}},"_links":{"self":[{"href":"https:\/\/natuzzi.hr\/editions\/wp-json\/wp\/v2\/pages\/5222","targetHints":{"allow":["GET"]}}],"collection":[{"href":"https:\/\/natuzzi.hr\/editions\/wp-json\/wp\/v2\/pages"}],"about":[{"href":"https:\/\/natuzzi.hr\/editions\/wp-json\/wp\/v2\/types\/page"}],"author":[{"embeddable":true,"href":"https:\/\/natuzzi.hr\/editions\/wp-json\/wp\/v2\/users\/2"}],"replies":[{"embeddable":true,"href":"https:\/\/natuzzi.hr\/editions\/wp-json\/wp\/v2\/comments?post=5222"}],"version-history":[{"count":7,"href":"https:\/\/natuzzi.hr\/editions\/wp-json\/wp\/v2\/pages\/5222\/revisions"}],"predecessor-version":[{"id":6262,"href":"https:\/\/natuzzi.hr\/editions\/wp-json\/wp\/v2\/pages\/5222\/revisions\/6262"}],"wp:attachment":[{"href":"https:\/\/natuzzi.hr\/editions\/wp-json\/wp\/v2\/media?parent=5222"}],"curies":[{"name":"wp","href":"https:\/\/api.w.org\/{rel}","templated":true}]}}