{"id":3255,"date":"2024-12-17T09:31:10","date_gmt":"2024-12-17T09:31:10","guid":{"rendered":"https:\/\/natuzzi.hr\/italia\/?page_id=3255"},"modified":"2025-02-14T09:23:20","modified_gmt":"2025-02-14T09:23:20","slug":"uvjeti-kupnje","status":"publish","type":"page","link":"https:\/\/natuzzi.hr\/italia\/uvjeti-kupnje\/","title":{"rendered":"Uvjeti kupnje"},"content":{"rendered":"<div class=\"fusion-fullwidth fullwidth-box fusion-builder-row-1 fusion-flex-container has-pattern-background has-mask-background na-500-pink-bg-container nonhundred-percent-fullwidth non-hundred-percent-height-scrolling\" style=\"--awb-border-radius-top-left:0px;--awb-border-radius-top-right:0px;--awb-border-radius-bottom-right:0px;--awb-border-radius-bottom-left:0px;--awb-padding-top:180px;--awb-padding-top-small:60px;--awb-flex-wrap:wrap;\" ><div class=\"fusion-builder-row fusion-row fusion-flex-align-items-flex-start fusion-flex-justify-content-center fusion-flex-content-wrap\" style=\"max-width:1788.8px;margin-left: calc(-4% \/ 2 );margin-right: calc(-4% \/ 2 );\"><div class=\"fusion-layout-column fusion_builder_column fusion-builder-column-0 fusion-flex-column\" style=\"--awb-bg-size:cover;--awb-width-large:800px;--awb-margin-top-large:0px;--awb-spacing-right-large:2%;--awb-margin-bottom-large:20px;--awb-spacing-left-large:2%;--awb-width-medium:800px;--awb-order-medium:0;--awb-spacing-right-medium:2%;--awb-spacing-left-medium:2%;--awb-width-small:100%;--awb-order-small:0;--awb-spacing-right-small:1.92%;--awb-spacing-left-small:1.92%;\" data-scroll-devices=\"small-visibility,medium-visibility,large-visibility\"><div class=\"fusion-column-wrapper fusion-column-has-shadow fusion-flex-justify-content-flex-start fusion-content-layout-column\"><div class=\"fusion-title title fusion-title-1 fusion-sep-none fusion-title-text fusion-title-size-one\"><h1 class=\"fusion-title-heading title-heading-left\" style=\"margin:0;\">Uvjeti kupnje<\/h1><\/div><div class=\"fusion-image-element \" style=\"--awb-margin-bottom:20px;--awb-caption-title-font-family:var(--h2_typography-font-family);--awb-caption-title-font-weight:var(--h2_typography-font-weight);--awb-caption-title-font-style:var(--h2_typography-font-style);--awb-caption-title-size:var(--h2_typography-font-size);--awb-caption-title-transform:var(--h2_typography-text-transform);--awb-caption-title-line-height:var(--h2_typography-line-height);--awb-caption-title-letter-spacing:var(--h2_typography-letter-spacing);\"><span class=\" fusion-imageframe imageframe-none imageframe-1 hover-type-none\"><img decoding=\"async\" width=\"781\" height=\"474\" title=\"Mask group (53)\" src=\"https:\/\/natuzzi.hr\/italia\/wp-content\/uploads\/2024\/12\/Mask-group-53.jpg\" alt class=\"img-responsive wp-image-3256\" srcset=\"https:\/\/natuzzi.hr\/italia\/wp-content\/uploads\/2024\/12\/Mask-group-53-200x121.jpg 200w, https:\/\/natuzzi.hr\/italia\/wp-content\/uploads\/2024\/12\/Mask-group-53-400x243.jpg 400w, https:\/\/natuzzi.hr\/italia\/wp-content\/uploads\/2024\/12\/Mask-group-53-600x364.jpg 600w, https:\/\/natuzzi.hr\/italia\/wp-content\/uploads\/2024\/12\/Mask-group-53.jpg 781w\" sizes=\"(max-width: 640px) 100vw, 781px\" \/><\/span><\/div><div class=\"fusion-title title fusion-title-2 fusion-sep-none fusion-title-text fusion-title-size-three\" style=\"--awb-margin-bottom:30px;\"><h3 class=\"fusion-title-heading title-heading-left\" style=\"margin:0;\">Opis i informacije proizvoda<\/h3><\/div><div class=\"fusion-text fusion-text-1\"><p>Nastojimo prikazati proizvode na web stranici \u0161to je mogu\u0107e to\u010dnije. Unato\u010d tome mogu se pojaviti manje varijacije, npr. boja proizvoda mo\u017ee varirati ovisno o postavkama na va\u0161em ra\u010dunalu, monitoru, softveru.<\/p>\n<p>Zbog jedinstveno ru\u010dno izra\u0111enih proizvoda mo\u017ee do\u0107i do malih varijacija unutar istih proizvoda. Za takve varijacije ne mo\u017ee se prihvatiti odgovornost. To mo\u017ee uklju\u010divati, ali nije ograni\u010deno na male razlike u teksturi, vrsti drveta ili boji, nijansama tkanine i dimenzijama proizvoda. Tehni\u010dke i funkcionalne zna\u010dajke proizvoda\/proizvoda koji su objavljeni na ovoj web stranici za ilustraciju proizvoda \/proizvoda su oni koje smo mi naveli. Ne odgovaramo za potpunost podataka.<\/p>\n<p>Va\u0161a je odgovornost pa\u017eljivo provjeriti ho\u0107e li se proizvodi koje ste naru\u010dili smjestiti u Va\u0161 stan. Trebali biste izmjeriti sva vrata, hodnike i stubi\u0161ta kroz koja \u0107e proizvod morati pro\u0107i, uklju\u010duju\u0107i prostor za manevriranje i okretanje kako biste bili sigurni da \u0107e garnitura mo\u0107i biti unesena u \u017eeljenu prostoriju. Odgovornost za prolaz do \u017eeljene prostorije je isklju\u010divo na strani kupca jer Novi oblik d.o.o. nije upoznat s mjerama stubi\u0161ta, vrata i sl..<\/p>\n<\/div><div class=\"fusion-image-element \" style=\"--awb-caption-title-font-family:var(--h2_typography-font-family);--awb-caption-title-font-weight:var(--h2_typography-font-weight);--awb-caption-title-font-style:var(--h2_typography-font-style);--awb-caption-title-size:var(--h2_typography-font-size);--awb-caption-title-transform:var(--h2_typography-text-transform);--awb-caption-title-line-height:var(--h2_typography-line-height);--awb-caption-title-letter-spacing:var(--h2_typography-letter-spacing);\"><span class=\" fusion-imageframe imageframe-none imageframe-2 hover-type-none\"><img decoding=\"async\" width=\"780\" height=\"4\" title=\"crte\" src=\"https:\/\/natuzzi.hr\/italia\/wp-content\/uploads\/2024\/12\/crte.svg\" alt class=\"img-responsive wp-image-3239\"\/><\/span><\/div><div class=\"fusion-title title fusion-title-3 fusion-sep-none fusion-title-text fusion-title-size-three\" style=\"--awb-margin-bottom:30px;\"><h3 class=\"fusion-title-heading title-heading-left\" style=\"margin:0;\">Jamstvo<\/h3><\/div><div class=\"fusion-title title fusion-title-4 fusion-sep-none fusion-title-text fusion-title-size-four\"><h4 class=\"fusion-title-heading title-heading-left\" style=\"margin:0;\">Sjede\u0107e garniture Natuzzi i ograni\u010deno 10-godi\u0161nje jamstvo<\/h4><\/div><div class=\"fusion-text fusion-text-2\"><p><span style=\"font-weight: 400;\">Natuzzi daje slijede\u0107e ograni\u010deno jamstvo na sjede\u0107e garniture i naslonja\u010de: 10 godina na drvenu konstrukciju (okvir) i 2 godine na presvlake, \u0161avove, punjenja i mehanizme. Jamstvo se odnosi na sjede\u0107e garniture i namje\u0161taj koji se koristi u normalnim uvjetima za doma\u0107instvo i pravilnom uporabom. Svi nazivi i uvjeti su obja\u0161njeni u uputama za upotrebu i odr\u017eavanje.<\/span><\/p>\n<\/div><div class=\"fusion-title title fusion-title-5 fusion-sep-none fusion-title-text fusion-title-size-four\"><h4 class=\"fusion-title-heading title-heading-left\" style=\"margin:0;\">Uvjeti valjanosti jamstva:<\/h4><\/div><div class=\"fusion-text fusion-text-3\"><p>Prilikom sastavljanja namje\u0161taja, kupac mora po\u0161tivati prilo\u017eene upute za monta\u017eu.<br \/>Proizvod mora biti kori\u0161ten sukladno svojoj namjeni te odr\u017eavan sukladno specificiranim pravilima odr\u017eavanja.<br \/>Reklamacija pokriva nepravilnosti uzrokovane od strane proizvo\u0111a\u010da te transporta prodavatelja.<br \/>Reklamacija se ne odnosi na prirodno tro\u0161enje namje\u0161taja i presvlaka ko\u017ee ili tkanine.<\/p>\n<\/div><div class=\"fusion-title title fusion-title-6 fusion-sep-none fusion-title-text fusion-title-size-four\"><h4 class=\"fusion-title-heading title-heading-left\" style=\"margin:0;\">Kupac nema pravo na jamstvo u sljede\u0107im situacijama:<\/h4><\/div><div class=\"fusion-text fusion-text-4\"><ul>\n<li>nepravilnosti su nastale rukovanjem od strane kupca<\/li>\n<li>nepravilnosti su nastale vi\u0161om silom<\/li>\n<li>kupac je izvr\u0161io izmjene na proizvodu.<\/li>\n<\/ul>\n<\/div><div class=\"fusion-image-element \" style=\"--awb-caption-title-font-family:var(--h2_typography-font-family);--awb-caption-title-font-weight:var(--h2_typography-font-weight);--awb-caption-title-font-style:var(--h2_typography-font-style);--awb-caption-title-size:var(--h2_typography-font-size);--awb-caption-title-transform:var(--h2_typography-text-transform);--awb-caption-title-line-height:var(--h2_typography-line-height);--awb-caption-title-letter-spacing:var(--h2_typography-letter-spacing);\"><span class=\" fusion-imageframe imageframe-none imageframe-3 hover-type-none\"><img decoding=\"async\" width=\"780\" height=\"4\" title=\"crte\" src=\"https:\/\/natuzzi.hr\/italia\/wp-content\/uploads\/2024\/12\/crte.svg\" alt class=\"img-responsive wp-image-3239\"\/><\/span><\/div><div class=\"fusion-title title fusion-title-7 fusion-sep-none fusion-title-text fusion-title-size-three\" style=\"--awb-margin-bottom:30px;\"><h3 class=\"fusion-title-heading title-heading-left\" style=\"margin:0;\">Politika povrata novca i zamjene<\/h3><\/div><div class=\"fusion-text fusion-text-5\"><p>Posebne narud\u017ebe: svaka roba koja nije kupljena sa zalihe ve\u0107 je naru\u010dena ekskluzivno prema \u017eeljama kupca i kao takva prilago\u0111ena Va\u0161em zahtjevu i mjerama ne mo\u017ee se otkazati, mijenjati, vratiti ili vratiti novac.<\/p>\n<\/div><div class=\"fusion-image-element \" style=\"--awb-caption-title-font-family:var(--h2_typography-font-family);--awb-caption-title-font-weight:var(--h2_typography-font-weight);--awb-caption-title-font-style:var(--h2_typography-font-style);--awb-caption-title-size:var(--h2_typography-font-size);--awb-caption-title-transform:var(--h2_typography-text-transform);--awb-caption-title-line-height:var(--h2_typography-line-height);--awb-caption-title-letter-spacing:var(--h2_typography-letter-spacing);\"><span class=\" fusion-imageframe imageframe-none imageframe-4 hover-type-none\"><img decoding=\"async\" width=\"780\" height=\"4\" title=\"crte\" src=\"https:\/\/natuzzi.hr\/italia\/wp-content\/uploads\/2024\/12\/crte.svg\" alt class=\"img-responsive wp-image-3239\"\/><\/span><\/div><div class=\"fusion-title title fusion-title-8 fusion-sep-none fusion-title-text fusion-title-size-three\" style=\"--awb-margin-bottom:30px;\"><h3 class=\"fusion-title-heading title-heading-left\" style=\"margin:0;\">Usluga nakon isporuke proizvoda<\/h3><\/div><div class=\"fusion-text fusion-text-6\"><p><span style=\"font-weight: 400;\">Potrebno je pridr\u017eavati se svih uputa za njegu i odr\u017eavanje proizvoda. Proizvodi su namijenjeni isklju\u010divo za ku\u0107nu upotrebu i moraju se koristiti u predvi\u0111enu svrhu. Prilikom dostave pregledajte svoj namje\u0161taj i podijelite nedoumice s timom dostave. Sve zahtjeve za \u0161tetu, manjak ili pogre\u0161ke prijavite u trenutku primitka. Ako se u ovom trenutku ne podnese zahtjev, namje\u0161taj \u0107e se smatrati ispravnim. Natuzzi zadr\u017eava pravo pregleda, popravka ili zamjene bilo koje robe prema vlastitoj procjeni.<\/span><\/p>\n<\/div><\/div><\/div><\/div><\/div>\n","protected":false},"excerpt":{"rendered":"","protected":false},"author":2,"featured_media":0,"parent":0,"menu_order":0,"comment_status":"closed","ping_status":"closed","template":"100-width.php","meta":{"_acf_changed":false,"footnotes":""},"class_list":["post-3255","page","type-page","status-publish","hentry"],"acf":[],"yoast_head":"<!-- This site is optimized with the Yoast SEO plugin v24.5 - https:\/\/yoast.com\/wordpress\/plugins\/seo\/ -->\n<title>Uvjeti kupnje - Natuzzi<\/title>\n<meta name=\"robots\" content=\"index, follow, max-snippet:-1, max-image-preview:large, max-video-preview:-1\" \/>\n<link rel=\"canonical\" href=\"https:\/\/natuzzi.hr\/italia\/uvjeti-kupnje\/\" \/>\n<meta property=\"og:locale\" content=\"hr_HR\" \/>\n<meta property=\"og:type\" content=\"article\" \/>\n<meta property=\"og:title\" content=\"Uvjeti kupnje - Natuzzi\" \/>\n<meta property=\"og:url\" content=\"https:\/\/natuzzi.hr\/italia\/uvjeti-kupnje\/\" \/>\n<meta property=\"og:site_name\" content=\"Natuzzi\" \/>\n<meta property=\"article:modified_time\" content=\"2025-02-14T09:23:20+00:00\" \/>\n<meta name=\"twitter:card\" content=\"summary_large_image\" \/>\n<meta name=\"twitter:label1\" content=\"Procijenjeno vrijeme \u010ditanja\" \/>\n\t<meta name=\"twitter:data1\" content=\"12 minuta\" \/>\n<script type=\"application\/ld+json\" class=\"yoast-schema-graph\">{\"@context\":\"https:\/\/schema.org\",\"@graph\":[{\"@type\":\"WebPage\",\"@id\":\"https:\/\/natuzzi.hr\/italia\/uvjeti-kupnje\/\",\"url\":\"https:\/\/natuzzi.hr\/italia\/uvjeti-kupnje\/\",\"name\":\"Uvjeti kupnje - Natuzzi\",\"isPartOf\":{\"@id\":\"https:\/\/natuzzi.hr\/italia\/#website\"},\"datePublished\":\"2024-12-17T09:31:10+00:00\",\"dateModified\":\"2025-02-14T09:23:20+00:00\",\"breadcrumb\":{\"@id\":\"https:\/\/natuzzi.hr\/italia\/uvjeti-kupnje\/#breadcrumb\"},\"inLanguage\":\"hr\",\"potentialAction\":[{\"@type\":\"ReadAction\",\"target\":[\"https:\/\/natuzzi.hr\/italia\/uvjeti-kupnje\/\"]}]},{\"@type\":\"BreadcrumbList\",\"@id\":\"https:\/\/natuzzi.hr\/italia\/uvjeti-kupnje\/#breadcrumb\",\"itemListElement\":[{\"@type\":\"ListItem\",\"position\":1,\"name\":\"Po\u010detna stranica\",\"item\":\"https:\/\/natuzzi.hr\/italia\/\"},{\"@type\":\"ListItem\",\"position\":2,\"name\":\"Uvjeti kupnje\"}]},{\"@type\":\"WebSite\",\"@id\":\"https:\/\/natuzzi.hr\/italia\/#website\",\"url\":\"https:\/\/natuzzi.hr\/italia\/\",\"name\":\"Natuzzi\",\"description\":\"\",\"potentialAction\":[{\"@type\":\"SearchAction\",\"target\":{\"@type\":\"EntryPoint\",\"urlTemplate\":\"https:\/\/natuzzi.hr\/italia\/?s={search_term_string}\"},\"query-input\":{\"@type\":\"PropertyValueSpecification\",\"valueRequired\":true,\"valueName\":\"search_term_string\"}}],\"inLanguage\":\"hr\"}]}<\/script>\n<!-- \/ Yoast SEO plugin. -->","yoast_head_json":{"title":"Uvjeti kupnje - Natuzzi","robots":{"index":"index","follow":"follow","max-snippet":"max-snippet:-1","max-image-preview":"max-image-preview:large","max-video-preview":"max-video-preview:-1"},"canonical":"https:\/\/natuzzi.hr\/italia\/uvjeti-kupnje\/","og_locale":"hr_HR","og_type":"article","og_title":"Uvjeti kupnje - Natuzzi","og_url":"https:\/\/natuzzi.hr\/italia\/uvjeti-kupnje\/","og_site_name":"Natuzzi","article_modified_time":"2025-02-14T09:23:20+00:00","twitter_card":"summary_large_image","twitter_misc":{"Procijenjeno vrijeme \u010ditanja":"12 minuta"},"schema":{"@context":"https:\/\/schema.org","@graph":[{"@type":"WebPage","@id":"https:\/\/natuzzi.hr\/italia\/uvjeti-kupnje\/","url":"https:\/\/natuzzi.hr\/italia\/uvjeti-kupnje\/","name":"Uvjeti kupnje - Natuzzi","isPartOf":{"@id":"https:\/\/natuzzi.hr\/italia\/#website"},"datePublished":"2024-12-17T09:31:10+00:00","dateModified":"2025-02-14T09:23:20+00:00","breadcrumb":{"@id":"https:\/\/natuzzi.hr\/italia\/uvjeti-kupnje\/#breadcrumb"},"inLanguage":"hr","potentialAction":[{"@type":"ReadAction","target":["https:\/\/natuzzi.hr\/italia\/uvjeti-kupnje\/"]}]},{"@type":"BreadcrumbList","@id":"https:\/\/natuzzi.hr\/italia\/uvjeti-kupnje\/#breadcrumb","itemListElement":[{"@type":"ListItem","position":1,"name":"Po\u010detna stranica","item":"https:\/\/natuzzi.hr\/italia\/"},{"@type":"ListItem","position":2,"name":"Uvjeti kupnje"}]},{"@type":"WebSite","@id":"https:\/\/natuzzi.hr\/italia\/#website","url":"https:\/\/natuzzi.hr\/italia\/","name":"Natuzzi","description":"","potentialAction":[{"@type":"SearchAction","target":{"@type":"EntryPoint","urlTemplate":"https:\/\/natuzzi.hr\/italia\/?s={search_term_string}"},"query-input":{"@type":"PropertyValueSpecification","valueRequired":true,"valueName":"search_term_string"}}],"inLanguage":"hr"}]}},"_links":{"self":[{"href":"https:\/\/natuzzi.hr\/italia\/wp-json\/wp\/v2\/pages\/3255","targetHints":{"allow":["GET"]}}],"collection":[{"href":"https:\/\/natuzzi.hr\/italia\/wp-json\/wp\/v2\/pages"}],"about":[{"href":"https:\/\/natuzzi.hr\/italia\/wp-json\/wp\/v2\/types\/page"}],"author":[{"embeddable":true,"href":"https:\/\/natuzzi.hr\/italia\/wp-json\/wp\/v2\/users\/2"}],"replies":[{"embeddable":true,"href":"https:\/\/natuzzi.hr\/italia\/wp-json\/wp\/v2\/comments?post=3255"}],"version-history":[{"count":4,"href":"https:\/\/natuzzi.hr\/italia\/wp-json\/wp\/v2\/pages\/3255\/revisions"}],"predecessor-version":[{"id":6668,"href":"https:\/\/natuzzi.hr\/italia\/wp-json\/wp\/v2\/pages\/3255\/revisions\/6668"}],"wp:attachment":[{"href":"https:\/\/natuzzi.hr\/italia\/wp-json\/wp\/v2\/media?parent=3255"}],"curies":[{"name":"wp","href":"https:\/\/api.w.org\/{rel}","templated":true}]}}